{"id":4180,"date":"2022-10-19T17:57:20","date_gmt":"2022-10-19T15:57:20","guid":{"rendered":"https:\/\/nuriaaymerich.net\/pif\/vestido-largo-beige-con-tiras-verdes-2\/"},"modified":"2025-12-05T22:30:19","modified_gmt":"2025-12-05T21:30:19","slug":"vestido-largo-beige-con-tiras-verdes","status":"publish","type":"product","link":"https:\/\/nuriaaymerich.net\/pif\/vestido-largo-beige-con-tiras-verdes\/","title":{"rendered":"Vestido largo beige con tiras verdes"},"content":{"rendered":"<p>Vestido largo beige con tiras verdes, dise\u00f1ado para resaltar tu feminidad y elegancia. Con una ca\u00edda fluida y un encaje detallado, este vestido te hace lucir y sentir especial en cualquier ocasi\u00f3n. El delicado encaje verde que adorna el torso, y los finos tirantes, ofrecen un toque de sofisticaci\u00f3n y modernidad. La falda larga y vaporosa, confeccionada en una suave tela en blanco roto, aporta movimiento y gracia a cada paso.<\/p>\n<p>Detalles del Producto:<\/p>\n<p>Material: Encaje y chiffon de alta calidad.<\/p>\n<p>Color: Blanco roto y verde.<\/p>\n<p>Largo: Vestido largo hasta los pies.<\/p>\n<p>Tirantes: Delgados y ajustables.<\/p>\n<p>Cierre: Cremallera invisible<\/p>\n","protected":false},"excerpt":{"rendered":"<p>Vestido largo beige con tiras verdes, dise\u00f1ado para resaltar tu feminidad y elegancia. Con una ca\u00edda fluida y un encaje detallado, este vestido te hace lucir y sentir especial en cualquier ocasi\u00f3n. El delicado encaje verde que adorna el torso, y los finos tirantes, ofrecen un toque de sofisticaci\u00f3n y modernidad. La falda larga y vaporosa, confeccionada en una suave tela en blanco roto, aporta movimiento y gracia a cada paso.<\/p>\n","protected":false},"featured_media":4173,"template":"","meta":{"site-sidebar-layout":"default","site-content-layout":"","ast-site-content-layout":"default","site-content-style":"default","site-sidebar-style":"default","ast-global-header-display":"","ast-banner-title-visibility":"","ast-main-header-display":"","ast-hfb-above-header-display":"","ast-hfb-below-header-display":"","ast-hfb-mobile-header-display":"","site-post-title":"","ast-breadcrumbs-content":"","ast-featured-img":"","footer-sml-layout":"","ast-disable-related-posts":"","theme-transparent-header-meta":"default","adv-header-id-meta":"","stick-header-meta":"","header-above-stick-meta":"","header-main-stick-meta":"","header-below-stick-meta":"","astra-migrate-meta-layouts":"set","ast-page-background-enabled":"default","ast-page-background-meta":{"desktop":{"background-color":"var(--ast-global-color-4)","background-image":"","background-repeat":"repeat","background-position":"center center","background-size":"auto","background-attachment":"scroll","background-type":"","background-media":"","overlay-type":"","overlay-color":"","overlay-opacity":"","overlay-gradient":""},"tablet":{"background-color":"","background-image":"","background-repeat":"repeat","background-position":"center center","background-size":"auto","background-attachment":"scroll","background-type":"","background-media":"","overlay-type":"","overlay-color":"","overlay-opacity":"","overlay-gradient":""},"mobile":{"background-color":"","background-image":"","background-repeat":"repeat","background-position":"center center","background-size":"auto","background-attachment":"scroll","background-type":"","background-media":"","overlay-type":"","overlay-color":"","overlay-opacity":"","overlay-gradient":""}},"ast-content-background-meta":{"desktop":{"background-color":"var(--ast-global-color-5)","background-image":"","background-repeat":"repeat","background-position":"center center","background-size":"auto","background-attachment":"scroll","background-type":"","background-media":"","overlay-type":"","overlay-color":"","overlay-opacity":"","overlay-gradient":""},"tablet":{"background-color":"var(--ast-global-color-5)","background-image":"","background-repeat":"repeat","background-position":"center center","background-size":"auto","background-attachment":"scroll","background-type":"","background-media":"","overlay-type":"","overlay-color":"","overlay-opacity":"","overlay-gradient":""},"mobile":{"background-color":"var(--ast-global-color-5)","background-image":"","background-repeat":"repeat","background-position":"center center","background-size":"auto","background-attachment":"scroll","background-type":"","background-media":"","overlay-type":"","overlay-color":"","overlay-opacity":"","overlay-gradient":""}}},"product_brand":[],"product_cat":[31],"product_tag":[],"class_list":{"0":"post-4180","1":"product","2":"type-product","3":"status-publish","4":"has-post-thumbnail","6":"product_cat-vestidos","7":"pa_color-beige","8":"pa_condition-new","9":"pa_largodefalda-largomaxi","10":"pa_talla-l","11":"pa_talla-m","12":"pa_talla-s","13":"pa_talla-xl","14":"desktop-align-left","15":"tablet-align-left","16":"mobile-align-left","18":"first","19":"instock","20":"sale","21":"taxable","22":"shipping-taxable","23":"purchasable","24":"product-type-variable","25":"has-default-attributes"},"supplier_id":null,"supplier_sku":"","barcode":null,"atum_controlled":true,"out_stock_date":null,"out_stock_threshold":null,"inheritable":true,"inbound_stock":0,"stock_on_hold":0,"sold_today":0,"sales_last_days":0,"reserved_stock":0,"customer_returns":0,"warehouse_damage":0,"lost_in_post":0,"other_logs":0,"out_stock_days":0,"lost_sales":0,"has_location":false,"update_date":"2026-04-20T17:33:44","atum_locations":[],"atum_stock_status":"instock","restock_status":false,"low_stock_amount":"","sales_update_date":"2026-04-20T17:33:44","calc_backorders":null,"_links":{"self":[{"href":"https:\/\/nuriaaymerich.net\/pif\/wp-json\/wp\/v2\/product\/4180","targetHints":{"allow":["GET"]}}],"collection":[{"href":"https:\/\/nuriaaymerich.net\/pif\/wp-json\/wp\/v2\/product"}],"about":[{"href":"https:\/\/nuriaaymerich.net\/pif\/wp-json\/wp\/v2\/types\/product"}],"version-history":[{"count":3,"href":"https:\/\/nuriaaymerich.net\/pif\/wp-json\/wp\/v2\/product\/4180\/revisions"}],"predecessor-version":[{"id":5301,"href":"https:\/\/nuriaaymerich.net\/pif\/wp-json\/wp\/v2\/product\/4180\/revisions\/5301"}],"wp:featuredmedia":[{"embeddable":true,"href":"https:\/\/nuriaaymerich.net\/pif\/wp-json\/wp\/v2\/media\/4173"}],"wp:attachment":[{"href":"https:\/\/nuriaaymerich.net\/pif\/wp-json\/wp\/v2\/media?parent=4180"}],"wp:term":[{"taxonomy":"product_brand","embeddable":true,"href":"https:\/\/nuriaaymerich.net\/pif\/wp-json\/wp\/v2\/product_brand?post=4180"},{"taxonomy":"product_cat","embeddable":true,"href":"https:\/\/nuriaaymerich.net\/pif\/wp-json\/wp\/v2\/product_cat?post=4180"},{"taxonomy":"product_tag","embeddable":true,"href":"https:\/\/nuriaaymerich.net\/pif\/wp-json\/wp\/v2\/product_tag?post=4180"}],"curies":[{"name":"wp","href":"https:\/\/api.w.org\/{rel}","templated":true}]}}